pose 2*k - 6 = 40. Let v(y) = -5*y**2 - 23*y + 35. Let r(z) = -3*z**2 - 25*z + 36. Let j(m) = -3*r(m) + 2*v(m). What are the prime factors of j(k)?
2, 5
Let x be (-20)/(-6) - (-1 + 20/15). Let i be -2 + 337/1 - x. What are the prime factors of (i/12 + 3/1)*3?
2, 23
Let k = -12 - -6. Let f be k + 2 + 3 + 3. Suppose f*q - 6*q = -252. What are the prime factors of q?
3, 7
Let y(z) = 4*z**3 - z**2 + 1. Let c be y(1). Suppose -c*d - 184 = 28. Let w = d + 82. List the prime factors of w.
29
Let h = 3 - -11. Suppose h*j - 4*j = -2*j. Suppose j = 2*l - l - 60. List the prime factors of l.
2, 3, 5
List the prime factors of 102/(-68) + 18459*3/6.
2, 3, 769
Let r(l) = -61*l - 47. Let w = 93 + -99. List the prime factors of r(w).
11, 29
Let t(k) = 8*k - 80. Suppose -v - 58 = -5*s, -2*s + 4*v = 2*s - 56. What are the prime factors of t(s)?
2
Let n = 34104 - 18128. List the prime factors of n.
2, 1997
List the prime factors of 20/6 - 5*928540/(-300).
23, 673
Suppose -t - 1 + 11 = 0. Let q(y) = -6*y**2 + 1037*y**3 - 9*y + 0*y**2 - 24 - 1036*y**3. What are the prime factors of q(t)?
2, 11, 13
What are the prime factors of 0 - ((-72872)/8 + (-6 - 1))?
2, 43, 53
Let f be (30/(-75))/((-2)/(-7370)). Let t = -601 - f. What are the prime factors of t?
3, 97
Suppose 4*y - 3*y - 2660 = 2441. List the prime factors of y.
5101
List the prime factors of 13849 - (7*(-18)/(-252))/((-1)/(-6)).
2, 7, 23, 43
Suppose -143 = -2*k - 139. What are the prime factors of (-31790)/(-40) - k - (-2)/8?
13, 61
Let d(y) = 4*y**2 + 11*y + 5. Let a(z) = 2 + 39*z + 4 - 29*z + 3*z**2. Let v(g) = -6*a(g) + 5*d(g). What are the prime factors of v(6)?
31
Let f(v) = 2*v**2 + 13*v + 6. Let x(h) = 25*h + 4. Let s be x(-7). Let b be (-1)/2 - s/(-18). List the prime factors of f(b).
2, 19
Let t(y) = -6 - 9*y - 7*y - 32 + 12*y. Let z be t(-11). Suppose -129 = 3*h - z*h. List the prime factors of h.
43
Let i = -202 + 414. Let w = i + -71. Let l = w + 10. List the prime factors of l.
151
What are the prime factors of (6/4)/(1*(108/(-103336))/(-9))?
12917
Suppose -39*v = -116703 + 108000 - 257394. List the prime factors of v.
6823
Let c be ((-10)/(-15))/(2/24*2). Suppose c*u = -5*b + 7, 2*u + 2 - 3 = -5*b. Suppose -u*f + 1242 = 3*f. What are the prime factors of f?
3, 23
Suppose 0 = 3*j + 3*v + 183, 2*j = -2*j + v - 264. Let h = j - -68. Suppose -171 = -h*g - 18. What are the prime factors of g?
3, 17
Let d = 7 + 10. Suppose 16*c = 599 + 1097. Suppose c = m - d. List the prime factors of m.
3, 41
Suppose -i - v = -2191, -3*i - 4*v + 6*v + 6568 = 0. Suppose -3*s - 436 = -k - 5*s, -5*k - 5*s + i = 0. List the prime factors of k.
2, 5, 11
Let v(k) = k**2 - 2*k - 3. Let h be v(0). Let c be -4 - -8*(h + 4). Suppose -4*f - 457 = -5*g - f, 0 = -c*g - 3*f + 371. What are the prime factors of g?
2, 23
Let r be (-1152)/(-504) + 4/(-14). Let q(p) = 249*p**2 + 2*p - 3. What are the prime factors of q(r)?
997
Let m = -3 - -8. Let h(y) = y**3 + 2*y**2 + 41*y + 40. Let l be h(0). Suppose -m*j - l = -5*r, r + 2*j = -3*j - 16. List the prime factors of r.
2
Suppose 626 = 3*i + 1925. Let f = -259 - i. Suppose 0*g - 3*y + f = 3*g, -5*g + 304 = -2*y. What are the prime factors of g?
2, 3, 5
Suppose -111*p = -4*y - 115*p + 133756, -3*p = -2*y + 66838. What are the prime factors of y?
101, 331
Suppose 25*c + 8762 = 12*c. Let t = c - -989. What are the prime factors of t?
3, 5, 7
Let t = 12 - 13. Let o be (3 + -1 - 1)/t. What are the prime factors of (-18)/27*102/o?
2, 17
Suppose 4*a + 5*p = 36177, 0 = a + 160*p - 164*p - 9060. What are the prime factors of a?
2, 3, 13, 29
Let g(l) be the second derivative of -l**4/12 - l**3/3 + 7*l**2 - 344*l. Let i(t) = -t + 1. Let k be i(1). What are the prime factors of g(k)?
2, 7
Suppose 28*v = 34*v. Let j(q) be the second derivative of -q**4/12 + q**3/3 + 143*q**2/2 - 11*q. List the prime factors of j(v).
11, 13
Suppose 0 = 918*w - 909*w - 3879. Suppose w*a - 438*a + 4158 = 0. List the prime factors of a.
2, 3, 11
Suppose 6*q = -3*q + 1746. Suppose -5*x = 15, u - q = -2*x + 133. Suppose -5*t + 48 + 769 = -3*l, 0 = 2*t + 5*l - u. List the prime factors of t.
2, 41
Suppose 2*c - 15 = -25. What are the prime factors of 37/(-185) + (-2956)/c?
3, 197
Let w(t) be the first derivative of 61*t**3/3 + t**2 + 19*t - 27. What are the prime factors of w(3)?
2, 7, 41
Suppose 59*h + 12838 = 73*h. What are the prime factors of h?
7, 131
Suppose 7*b - 1 - 13 = 0. Let u be ((-16)/(-8))/(b + (-4)/3). List the prime factors of 29/((u - 0)/6).
2, 29
Suppose 335*y = 282*y + 481081. List the prime factors of y.
29, 313
Let a(k) = -k**2 + 8*k + 69. Let w be a(11). Let v = w + 343. What are the prime factors of v?
379
Suppose -9*k - 225 = -12*k. Let r = -41 + k. Let a = 40 - r. What are the prime factors of a?
2, 3
Let x(g) = -16*g**3 + 5*g**2 + 146*g + 110. List the prime factors of x(-9).
5, 41, 53
Let f = -508 - -763. Let l = 256 + -130. Let a = f - l. What are the prime factors of a?
3, 43
Let p be 13/4*2584/(-19). Let u = -327 - p. List the prime factors of u.
5, 23
Suppose r = 6506 - 1424. List the prime factors of r.
2, 3, 7, 11
Let s = -53 + 55. Suppose -863 = -3*p - o, 4*p - 576 - 558 = s*o. Let d = p + -142. What are the prime factors of d?
2, 3
Suppose 4*j - 4*b - 64 = 0, b + 34 = j + 6*b. Let s = -19 + j. Suppose -11*o + 12*o - 36 = s. List the prime factors of o.
2, 3
Let h = -115 - -128. Suppose h*n = -461 + 17608. List the prime factors of n.
1319
Let x = 97394 - 56787. List the prime factors of x.
7, 5801
Let l be (-3 - -7) + -5 + 4. What are the prime factors of (39 + l)/((-50)/(-16) - 3)?
2, 3, 7
Let m(i) = -49*i**3 - 2*i**2 + 22*i - 4. What are the prime factors of m(-7)?
3, 613
Let j(z) = -z**3 - 8*z**2 - 5*z - 14. Let r be j(-7). Let l = 493 + r. List the prime factors of l.
3, 5, 31
Suppose 0 = -4*p + p - h + 3949, 5*h = -5*p + 6575. Suppose -p = -16*q + 267. Suppose -18 = q*w - 102*w. What are the prime factors of w?
2, 3
Let i(c) = -c**3 + c**2 - 2*c + 4. Let k be i(0). Suppose 3*v + 3*r + 43 = 2*r, -5*v = k*r + 74. List the prime factors of 16/(-28) - 1072/v.
2, 19
Let p(y) be the first derivative of y**3/3 + 2*y**2 - 11*y + 36. Let i be p(-6). Suppose f - i = -3*l + 56, l - 35 = 5*f. What are the prime factors of l?
2, 5
Let o(y) be the first derivative of 154*y**2 + 48*y - 144. List the prime factors of o(2).
2, 83
Let s = 14995 - 1663. What are the prime factors of s?
2, 3, 11, 101
Let w(z) = 7*z**2 + 46*z - 6. Let r be w(-3). Suppose 0 = -f - 3*q + 9, q - 3 = -f - 4. What are the prime factors of (-14931)/r - (-8)/f?
3, 61
Suppose 2*b + 433712 = 5*h, -1825*h + 1822*h - 5*b + 260252 = 0. List the prime factors of h.
2, 7, 1549
Let v = 1665 - -30. Suppose 0 = 4*s - 1281 - v. What are the prime factors of s?
2, 3, 31
Let d = 23452 - -827. What are the prime factors of d?
3, 8093
List the prime factors of 8760 - ((-27)/11 + 258/(-473)).
3, 23, 127
Let g be (-63)/(-28) + 5 + 2/(-8). Suppose -160 - 2836 = -g*z. List the prime factors of z.
2, 107
What are the prime factors of 102/26 + (-24)/(-312)?
2
Let i = 52 - 52. Suppose 5*v + 6 - 1 = i. Let c(z) = -111*z**3 + z**2 + z - 1. What are the prime factors of c(v)?
2, 5, 11
Suppose 0 = 5*t + f + 709 + 35, -5*f = 4*t + 591. Let j(m) = -52*m - 1. Let l be j(-7). Let o = l + t. List the prime factors of o.
2, 107
What are the prime factors of 7/(-7) - 4*(-4413)/(-6)*-5?
3, 4903
Let l = -17 + 26. Suppose 6*y - 48 = l*y. What are the prime factors of y/(-2*(-2)/(-8))?
2
Suppose -30 = 120*j - 125*j. Suppose -j*y + 2032 + 1772 = 0. List the prime factors of y.
2, 317
Let a(c) = -38*c - 76. Let n be a(-7). List the prime factors of n - (8 + (-40)/5).
2, 5, 19
List the prime factors of 28/15 - (-66)/495 - -27138.
2, 5, 23, 59
Suppose -5824 = 21*x - 112*x. What are the prime factors of x?
2
Let u = -284 - -324. Suppose 3*b + 190 = 4*p, 29*b = -p + 26*b + u. List the prime factors of p.
2, 23
Let w(i) = 11*i**2 - 64*i - 297. List the prime factors of w(-29).
2, 5, 23, 47
Let w(l) = -53*l**3 - 71*l**2 - 502*l + 23. What are the prime factors of w(-7)?
3, 6079
Suppose 46*r - 49*r - 3*c = 318, -5*c = 4*r + 426. Let k = 969 + r. What are the prime factors of k?
5, 173
Let g = 6646 - -2841. List the prime factors of g.
53, 179
Suppose -4*s - s = -25